be n(1). Let a = o + -18. What is the remainder when u is divided by a?
9
Suppose -6*w - 7*w = -949. Calculate the remainder when w is divided by 16.
9
Let p(y) = 93*y**2 + 2*y + 2. Let u = 19 + -16. Suppose 2*c - u = 5*c. What is the remainder when p(c) is divided by 24?
21
Suppose 2*d - 490 = -5*y, 2*y - 3*y + 116 = 4*d. What is the remainder when y is divided by 25?
21
Let p(n) = 11*n + 204. What is the remainder when 114 is divided by p(-16)?
2
Let o = -371 + 390. What is the remainder when 75 is divided by o?
18
Suppose -28*p + 32*p = 600. What is the remainder when p is divided by 38?
36
Let l = -38 + 35. Calculate the remainder when 71 is divided by ((-10)/6)/(l/45).
21
Let n = -145 + -471. What is the remainder when 65 is divided by 9/((-315)/n) + (-4)/(-10)?
11
Let z = 35878 - 35845. Let y(d) = -4 + 2*d + d**2 + 8 + 0*d**2. What is the remainder when z is divided by y(-4)?
9
Let z = -71 + 114. What is the remainder when 166 is divided by z?
37
Let m = 3017 + -2308. What is the remainder when m is divided by 181?
166
Let n(b) = -3*b. Let f be n(-3). Let g(j) = j + 13. What is the remainder when 0 + 2*21 + 0 is divided by g(f)?
20
Let m = 13 - 9. Suppose m*n - 65 - 19 = 0. What is the remainder when 103 is divided by n?
19
Suppose q + r = 74, 0 = -2*q + 2*r + 70 + 66. Calculate the remainder when q is divided by 24.
23
Let y = -125 - -169. What is the remainder when y is divided by 16?
12
Suppose g = 2*g + 3, 0 = -s - 5*g + 92. Calculate the remainder when 319 is divided by s.
105
Let v(k) = -56*k + 1392. Let x = -17 - -27. What is the remainder when v(24) is divided by x?
8
Suppose -25*m + 38*m - 169 = 0. Calculate the remainder when 376 is divided by m.
12
Let f(r) = 2*r**3 + 30*r**2 + 24*r - 39. What is the remainder when f(-14) is divided by 27/2*4/6?
8
Suppose -3*n + 262 = -5. Let v = -927 + 942. Calculate the remainder when n is divided by v.
14
Suppose 11*a = 30*a - 3971. Calculate the remainder when a is divided by 10.
9
Suppose -3*q - 75 = -5*h - 7*q, 0 = -2*h - 5*q + 30. Calculate the remainder when 43 is divided by h.
13
Suppose 4*t = 3*r - 4*r - 21, 4*r + 3*t = -19. What is the remainder when 30 is divided by 10 - 11 - 17*r/1?
14
Let q = 364 + -166. What is the remainder when q is divided by 51?
45
Suppose -6*y + 8 = 4*o - 4*y, 0 = 4*o - y - 20. Suppose -v - 404 = -o*u, -u - 3*v + 5*v = -94. What is the remainder when u is divided by 21?
18
Suppose -6*q = q + 308. What is the remainder when 78 is divided by ((-33)/q)/(2/72)?
24
Calculate the remainder when 2/4 - (7188/(-24) + 6) is divided by 11.
8
Let w(t) = 4*t + 3*t + 56 - 5*t - 12. What is the remainder when w(0) is divided by 12?
8
Let s(t) = 140*t. What is the remainder when s(2) is divided by 140?
0
Let c be (-1 + -7)*(-91)/26. Let o = c - -44. Calculate the remainder when o is divided by 26.
20
Calculate the remainder when 31 is divided by 231/45 + -5 + (-356)/(-30).
7
Suppose -3*k = -m + 82, -k = -m - 3*k + 67. Let z be 3*(28/6 + -4). Let o(f) = 4*f**3 - 2*f**2 + 1. What is the remainder when m is divided by o(z)?
23
Let w(o) be the first derivative of -5*o**2/2 - 2*o + 177. Suppose -5*a + a - 4 = 0. What is the remainder when 6 is divided by w(a)?
0
Suppose 5*a - 38 - 12 = 0. What is the remainder when 197 is divided by a?
7
Suppose 2*p - 208 - 370 = 0. What is the remainder when p is divided by 12?
1
Calculate the remainder when 138 is divided by 31 - -1 - (-11 + 5).
24
Let u(r) = r**3 + 11*r**2 - 2*r - 14. Let n be u(-11). Let g(w) = 1 - n*w + w - 4*w. What is the remainder when g(-2) is divided by 13?
10
Let h(i) = 7*i + 48. Calculate the remainder when 235 is divided by h(-2).
31
Let l(k) = 5*k**2 - 10*k + 4*k**2 - 8 - 8*k**2. Let i be l(11). Suppose 0 = i*c + 3, -3*u + 97 = 2*c - 3*c. What is the remainder when u is divided by 11?
10
What is the remainder when 159 is divided by 3144/63 - 26/(-273)?
9
Let c = -228 - -255. Calculate the remainder when c is divided by 6.
3
What is the remainder when (61 - 5) + -2 + (-1 - 6) is divided by 12?
11
Let i(s) = -4*s + 80. What is the remainder when 177 is divided by i(11)?
33
Let v be ((-82)/3)/(10/15). Let c = v + 50. What is the remainder when 34 is divided by c?
7
Let c be 14/(-4)*(-12)/(-63)*-9. Let r = c + 7. What is the remainder when (-122)/(-5) + 2/(-5) is divided by r?
11
Suppose -5*s - 5 = -35. Let c(f) = f**3 - 6*f**2 - 6*f + 12. Let x = 7 + 0. Calculate the remainder when c(x) is divided by s.
1
Calculate the remainder when 143 is divided by ((-4032)/(-392))/(5/(-7) + 1).
35
Suppose 4*o + 17 = v, -12 = 3*v + 4*o + 1. Suppose -f - 6 = -3*f. Calculate the remainder when f is divided by v.
0
Suppose 3*a = 18 - 0. Let w = -7 + -279. What is the remainder when 6/15 + w/(-10) is divided by a?
5
Let d(q) = q**3 + 25*q**2 - 10*q - 1. What is the remainder when d(-25) is divided by 18?
15
Let s = -62 + 66. Calculate the remainder when 1744/48 - s/(-6) is divided by 7.
2
Suppose u + 2 = 10. Suppose -3*g - g + u = 0. Suppose 4*v - 6 + g = 0. Calculate the remainder when 1 is divided by v.
0
Suppose -2*w - w = 0. Suppose p - 4 + w = 0. Calculate the remainder when ((-2)/(-3)*-21)/(-2) is divided by p.
3
Let k(r) = -69*r**3 + 4*r**2 + 4*r + 1. Calculate the remainder when k(-1) is divided by 14.
0
Suppose 238 = 4*t - 2*t. Let u = t + -84. Calculate the remainder when u is divided by 12.
11
Suppose -d + 0*d - 4*u + 134 = 0, -4*d + 591 = 5*u. Let h = -120 + d. Calculate the remainder when h is divided by 12.
10
Let b = 61 - -5. Let u(g) = -g**3 + 27*g**2 - 23*g - 60. Calculate the remainder when b is divided by u(26).
12
Let s = -4 - -16. Calculate the remainder when s is divided by 9.
3
Let c(m) = -4*m + 83. Let q be c(21). What is the remainder when 5 - ((-276)/(-6))/q is divided by 13?
12
Let a = 79 + -30. Let q(c) = -c**2 - 3*c + 7. Let j be q(0). Let b(n) = n**2 - 7*n + 13. Calculate the remainder when a is divided by b(j).
10
Suppose -5*s + 12*s = 84. Suppose 8 = -s*y + 14*y. Let d = -8 + 14. Calculate the remainder when d is divided by y.
2
Let m = 924 - 902. Calculate the remainder when 42 is divided by m.
20
Suppose 29*w - 27*w = 326. Suppose -5*a + 169 = -2*o, 5*a - o - w = 3*o. What is the remainder when 207 is divided by a?
32
Let r = 2395 + -2361. What is the remainder when 371 is divided by r?
31
Suppose 0*i = -4*i + 24. Let y(h) = -h**2 + 5*h + 6. Let o be y(i). Suppose o*d - d = -7. Calculate the remainder when 11 is divided by d.
4
Suppose 3*w + 4*p - 290 = 0, 4*p + 220 = 5*w - 306. What is the remainder when w is divided by 21?
18
Let x(n) = -13 - 10 + 22 - 2*n + 25*n**2. What is the remainder when 79 is divided by x(1)?
13
Suppose 2*h + 0 = 10. Suppose -3 = -6*a + h*a. Suppose 2*f - a*f = -11. Calculate the remainder when 19 is divided by f.
8
Let r be (-173)/9 - (-14)/63. Let w = r - -21. Let c = 21 + -13. Calculate the remainder when c is divided by w.
0
Suppose -81 = -3*i + f + 2*f, -2*i + 62 = -4*f. Suppose -5*a = w - 21, a = w - a. Calculate the remainder when i is divided by w.
5
Suppose 2*p = 2*i + 34, 2*p + 5*i - 59 = -p. Calculate the remainder when 230 is divided by p.
14
Suppose 4*f - 423 = 433. Let c = f + -60. Calculate the remainder when c is divided by 39.
37
Suppose -2*c - 3*y = -274, 20*c + 692 = 25*c + 4*y. What is the remainder when 2378 is divided by c?
138
Calculate the remainder when 147 is divided by 33 - ((-8)/(-76) - 216/(-114)).
23
Suppose 3*s - 5 = 10. Suppose -3*u + s = -16. Suppose -3*l + 6 = 3*z, -2*l - 3*z = -u*l + 50. What is the remainder when l is divided by 2?
1
Suppose -2782 = -14*i - 486. Suppose -5*o = -3*l - 0*l + i, -5*o = l - 88. Calculate the remainder when l is divided by -3*22/3*-1.
19
Suppose -2*w - 24 = -58. Calculate the remainder when -18*14/6*-2 is divided by w.
16
Suppose -17 = -4*k + 3*k. Let r be 114/(-27) - 2/(-9). Let u = k + r. What is the remainder when 25 is divided by u?
12
Let d = 2578 - 2550. Calculate the remainder when 64 is divided by d.
8
Suppose 5*z = 2*u + 8067, -3*z + 5*z - 3221 = -5*u. What is the remainder when z is divided by 17?
15
Suppose -483 = -15*r + 8*r. Let i = 128 - r. Calculate the remainder when i is divided by 20.
19
Let c(x) = 2*x**3 + 66*x**2 + 63*x - 14. Calculate the remainder when 161 is divided by c(-32).
17
Let 